 prime factors of 1487.
1487
What are the prime factors of 1273?
19, 67
List the prime factors of 41843.
41843
What are the prime factors of 121?
11
List the prime factors of 5105.
5, 1021
List the prime factors of 30778.
2, 11, 1399
What are the prime factors of 1170?
2, 3, 5, 13
What are the prime factors of 53687?
37, 1451
What are the prime factors of 297?
3, 11
List the prime factors of 12252.
2, 3, 1021
List the prime factors of 2401.
7
List the prime factors of 11622.
2, 3, 13, 149
List the prime factors of 5825.
5, 233
What are the prime factors of 14032?
2, 877
What are the prime factors of 4405?
5, 881
List the prime factors of 5624.
2, 19, 37
List the prime factors of 500.
2, 5
What are the prime factors of 658?
2, 7, 47
List the prime factors of 72036.
2, 3, 23, 29
List the prime factors of 3239.
41, 79
List the prime factors of 8471.
43, 197
List the prime factors of 35988.
2, 3, 2999
List the prime factors of 24844.
2, 6211
What are the prime factors of 715?
5, 11, 13
What are the prime factors of 2014?
2, 19, 53
List the prime factors of 603.
3, 67
List the prime factors of 175.
5, 7
List the prime factors of 1424.
2, 89
List the prime factors of 132714.
2, 3, 73, 101
List the prime factors of 2859.
3, 953
What are the prime factors of 1344?
2, 3, 7
What are the prime factors of 12142?
2, 13, 467
What are the prime factors of 4317?
3, 1439
List the prime factors of 35.
5, 7
What are the prime factors of 12962?
2, 6481
List the prime factors of 24765.
3, 5, 13, 127
List the prime factors of 240.
2, 3, 5
List the prime factors of 1987.
1987
What are the prime factors of 43726?
2, 21863
List the prime factors of 7020.
2, 3, 5, 13
List the prime factors of 26415.
3, 5, 587
What are the prime factors of 36330?
2, 3, 5, 7, 173
What are the prime factors of 200?
2, 5
List the prime factors of 66388.
2, 7, 2371
What are the prime factors of 103716?
2, 3, 43, 67
List the prime factors of 4592.
2, 7, 41
What are the prime factors of 119558?
2, 59779
List the prime factors of 4041.
3, 449
What are the prime factors of 10149?
3, 17, 199
What are the prime factors of 8093?
8093
What are the prime factors of 1022?
2, 7, 73
What are the prime factors of 3083?
3083
List the prime factors of 34872.
2, 3, 1453
List the prime factors of 32476.
2, 23, 353
What are the prime factors of 52717?
7, 17, 443
What are the prime factors of 697?
17, 41
List the prime factors of 52771.
113, 467
List the prime factors of 1224.
2, 3, 17
What are the prime factors of 7743?
3, 29, 89
List the prime factors of 26931.
3, 47, 191
List the prime factors of 28959.
3, 7, 197
What are the prime factors of 1207?
17, 71
List the prime factors of 15598.
2, 11, 709
List the prime factors of 1705.
5, 11, 31
List the prime factors of 7006.
2, 31, 113
What are the prime factors of 63077?
7, 9011
What are the prime factors of 21904?
2, 37
List the prime factors of 82875.
3, 5, 13, 17
List the prime factors of 1656.
2, 3, 23
List the prime factors of 1304.
2, 163
List the prime factors of 481.
13, 37
List the prime factors of 6362.
2, 3181
List the prime factors of 57.
3, 19
What are the prime factors of 42592?
2, 11
What are the prime factors of 4693?
13, 19
List the prime factors of 43675.
5, 1747
What are the prime factors of 50835?
3, 5, 3389
What are the prime factors of 2316?
2, 3, 193
List the prime factors of 29545.
5, 19, 311
List the prime factors of 48543.
3, 11, 1471
What are the prime factors of 8854?
2, 19, 233
List the prime factors of 879.
3, 293
What are the prime factors of 14175?
3, 5, 7
List the prime factors of 39581.
39581
List the prime factors of 1454.
2, 727
List the prime factors of 139605.
3, 5, 41, 227
List the prime factors of 1464.
2, 3, 61
What are the prime factors of 8339?
31, 269
What are the prime factors of 41202?
2, 3, 7, 109
What are the prime factors of 1113?
3, 7, 53
List the prime factors of 30144.
2, 3, 157
What are the prime factors of 997?
997
What are the prime factors of 110477?
110477
What are the prime factors of 109412?
2, 17, 1609
List the prime factors of 26252.
2, 6563
List the prime factors of 93240.
2, 3, 5, 7, 37
List the prime factors of 1391.
13, 107
List the prime factors of 14385.
3, 5, 7, 137
List the prime factors of 527.
17, 31
What are the prime factors of 1334?
2, 23, 29
List the prime factors of 9308.
2, 13, 179
List the prime factors of 14825.
5, 593
List the prime factors of 11488.
2, 359
List the prime factors of 45946.
2, 22973
List the prime factors of 18935.
5, 7, 541
List the prime factors of 1179.
3, 131
List the prime factors of 8997.
3, 2999
List the prime factors of 41985.
3, 5, 311
List the prime factors of 13428.
2, 3, 373
List the prime factors of 15615.
3, 5, 347
List the prime factors of 3183.
3, 1061
What are the prime factors of 4446?
2, 3, 13, 19
List the prime factors of 1613.
1613
What are the prime factors of 761?
761
What are the prime factors of 42830?
2, 5, 4283
What are the prime factors of 1646?
2, 823
List the prime factors of 5137.
11, 467
What are the prime factors of 206?
2, 103
List the prime factors of 27366.
2, 3, 4561
List the prime factors of 1423.
1423
What are the prime factors of 5582?
2, 2791
What are the prime factors of 3317?
31, 107
What are the prime factors of 127?
127
List the prime factors of 2107.
7, 43
List the prime factors of 113757.
3, 7, 5417
What are the prime factors of 972?
2, 3
What are the prime factors of 5433?
3, 1811
List the prime factors of 1696.
2, 53
What are the prime factors of 659?
659
What are the prime factors of 1820?
2, 5, 7, 13
What are the prime factors of 682?
2, 11, 31
List the prime factors of 311.
311
List the prime factors of 7147.
7, 1021
List the prime factors of 49660.
2, 5, 13, 191
What are the prime factors of 25145?
5, 47, 107
What are the prime factors of 8931?
3, 13, 229
List the prime factors of 3740.
2, 5, 11, 17
List the prime factors of 10313.
10313
What are the prime factors of 2306?
2, 1153
What are the prime factors of 7099?
31, 229
What are the prime factors of 864?
2, 3
What are the prime factors of 1706?
2, 853
List the prime factors of 620.
2, 5, 31
List the prime factors of 8367.
3, 2789
List the prime factors of 19139.
19139
What are the prime factors of 952?
2, 7, 17
What are the prime factors of 9021?
3, 31, 97
What are the prime factors of 5035?
5, 19, 53
What are the prime factors of 481?
13, 37
What are the prime factors of 17794?
2, 7, 31, 41
What are the prime factors of 1814?
2, 907
What are the prime factors of 33680?
2, 5, 421
List the prime factors of 2366.
2, 7, 13
List the prime factors of 698.
2, 349
What are the prime factors of 7106?
2, 11, 17, 19
What are the prime factors of 2495?
5, 499
List the prime factors of 4627.
7, 661
List the prime factors of 26350.
2, 5, 17, 31
List the prime factors of 4558.
2, 43, 53
What are the prime factors of 136614?
2, 3, 22769
What are the prime factors of 40514?
2, 47, 431
List the prime factors of 1774.
2, 887
What are the prime factors of 8102?
2, 4051
What are the prime factors of 90185?
5, 17, 1061
List the prime factors of 66945.
3, 5, 4463
List the prime factors of 34668.
2, 3, 107
List the prime factors of 3301.
3301
What are the prime factors of 18695?
5, 3739
What are the prime factors of 102409?
102409
What are the prime factors of 2608?
2, 163
What are the prime factors of 2179?
2179
What are the prime factors of 3544?
2, 443
List the prime factors of 2555.
5, 7, 73
What are the prime factors of 14394?
2, 3, 2399
List the prime factors of 817.
19, 43
What are the prime factors of 594?
2, 3, 11
List the prime factors of 1783.
1783
List the prime factors of 2130.
2, 3, 5, 71
What are the prime factors of 35919?
3, 13, 307
What are the prime factors of 38875?
5, 311
What are the prime factors of 3455?
5, 691
What are the prime factors of 892?
2, 223
List the prime factors of 35572.
2, 8893
List the prime factors of 8976.
2, 3, 11, 17
List the prime factors of 9175.
5, 367
What are the prime factors of 1385?
5, 277
List the prime factors of 461.
461
List the prime factors of 339.
3, 113
List the prime factors of 1576.
2, 197
List the prime factors of 2219.
7, 317
List the prime factors of 5825.
5, 233
List the prime factors of 2184.
2, 3, 7, 13
List t